{"id":84,"date":"2019-03-30T12:26:24","date_gmt":"2019-03-30T12:26:24","guid":{"rendered":"http:\/\/luz.lublin.pl\/?page_id=84"},"modified":"2019-03-31T09:36:29","modified_gmt":"2019-03-31T09:36:29","slug":"osk-luz","status":"publish","type":"page","link":"https:\/\/luz.lublin.pl\/index.php\/osk-luz\/","title":{"rendered":"My jeste\u015bmy dla Was!"},"content":{"rendered":"\n<p> Witamy w o\u015brodku szkolenia kierowc\u00f3w LUZ ! Rodzinna atmosfera panuj\u0105ca w naszym o\u015brodku roz\u0142adowuje napi\u0119cie i sprzyja zapanowaniu nad pojawiaj\u0105cym si\u0119 stresem. Dbamy o dobro i zadowolenie naszych klient\u00f3w dok\u0142adaj\u0105c wszelkich stara\u0144 aby ka\u017cdy traktowany by\u0142 wyj\u0105tkowo. Mi\u0142a i spokojna atmosfera oraz profesjonalizm w procesie nauczania to nasza dewiza!!! Do Pa\u0144stwa dyspozycji wysoce wykwalifikowana, spokojnego usposobienia kadra instruktor\u00f3w.<\/p>\n\n\n\n<p>Kilkunastoletnie do\u015bwiadczenie w bran\u017cy szkolenia kandydat\u00f3w na kierowc\u00f3w, nabywanie do\u015bwiadcze\u0144 podczas kontaktu z kursantami, metoda pr\u00f3b i b\u0142\u0119d\u00f3w podczas szkole\u0144 doprowadzi\u0142a do perfekcyjnej wr\u0119cz znajomo\u015bci potrzeb przysz\u0142ych kierowc\u00f3w. Posiadana wiedza i umiej\u0119tno\u015bci jej przekazywania sta\u0142y si\u0119 dla nas priorytetem. W czerwcu 2007 roku postanowili\u015bmy za\u0142o\u017cy\u0107 w\u0142asny, niezale\u017cny o\u015brodek szkolenia kierowc\u00f3w.Wyposa\u017cyli\u015bmy sal\u0119 wyk\u0142adow\u0105, zakupili\u015bmy nowe pojazdy szkoleniowe, sami zasiedli\u015bmy na miejscu instruktora i tak powsta\u0142 O\u015brodek Szkolenia Kierowc\u00f3w LUZ!!! Czasy w kt\u00f3rych uczyli\u015bmy je\u017adzi\u0107 samochodami marki fiat 126p bezpowrotnie min\u0119\u0142y, cho\u0107 niew\u0105tpliwie pomimo dynamicznie rozwijaj\u0105cej si\u0119 motoryzacji, wspomnienia pozostan\u0105 przesympatyczne. Wraz z rozwojem cywilizacji ca\u0142y czas staramy si\u0119 nad\u0105\u017ca\u0107 za nowinkami technicznymi .Pomoce dydaktyczne, sprz\u0119t multimedialny oraz pojazdy kt\u00f3rymi dysponujemy spe\u0142niaj\u0105 oczekiwania przysz\u0142ych kierowc\u00f3w i s\u0105 zgodne z wymogami stawianymi przez Prawo o ruchu drogowym i \u00a0Wojew\u00f3dzki O\u015brodek Ruchu drogowego w Lublinie.<\/p>\n\n\n\n<p>Wszystkich zainteresowanych serdecznie zapraszamy do zapoznania si\u0119 z nasz\u0105 ofert\u0105. Znajdziecie tu Pa\u0144stwo wszelkie informacje na temat naszej firmy, kurs\u00f3w i egzamin\u00f3w na prawo jazdy. Je\u017celi szukaj\u0105 Pa\u0144stwo profesjonalnej szko\u0142y jazdy skutecznie ucz\u0105cej techniki prowadzenia pojazdu unikaj\u0105c przy tym niepotrzebnego stresu to idealnie trafili\u015bcie. <\/p>\n\n\n\n<p><strong>Serdecznie zapraszamy OSK LUZ<\/strong><\/p>\n","protected":false},"excerpt":{"rendered":"<p>Witamy w o\u015brodku szkolenia kierowc\u00f3w LUZ ! Rodzinna atmosfera panuj\u0105ca w naszym o\u015brodku roz\u0142adowuje napi\u0119cie i sprzyja zapanowaniu nad pojawiaj\u0105cym si\u0119 stresem. Dbamy o dobro i zadowolenie naszych klient\u00f3w dok\u0142adaj\u0105c &#8230;<\/p>\n","protected":false},"author":1,"featured_media":0,"parent":0,"menu_order":0,"comment_status":"closed","ping_status":"closed","template":"","meta":{"footnotes":""},"_links":{"self":[{"href":"https:\/\/luz.lublin.pl\/index.php\/wp-json\/wp\/v2\/pages\/84"}],"collection":[{"href":"https:\/\/luz.lublin.pl\/index.php\/wp-json\/wp\/v2\/pages"}],"about":[{"href":"https:\/\/luz.lublin.pl\/index.php\/wp-json\/wp\/v2\/types\/page"}],"author":[{"embeddable":true,"href":"https:\/\/luz.lublin.pl\/index.php\/wp-json\/wp\/v2\/users\/1"}],"replies":[{"embeddable":true,"href":"https:\/\/luz.lublin.pl\/index.php\/wp-json\/wp\/v2\/comments?post=84"}],"version-history":[{"count":3,"href":"https:\/\/luz.lublin.pl\/index.php\/wp-json\/wp\/v2\/pages\/84\/revisions"}],"predecessor-version":[{"id":111,"href":"https:\/\/luz.lublin.pl\/index.php\/wp-json\/wp\/v2\/pages\/84\/revisions\/111"}],"wp:attachment":[{"href":"https:\/\/luz.lublin.pl\/index.php\/wp-json\/wp\/v2\/media?parent=84"}],"curies":[{"name":"wp","href":"https:\/\/api.w.org\/{rel}","templated":true}]}}